ppose -c*v + 492 = -18*v. Calculate the remainder when v is divided by 57.
50
Let w = 9635 - 9359. Calculate the remainder when 376 is divided by w.
100
Let g(o) = o**3 + 20*o**2 - 2*o + 12. Let h be g(-20). Let z = -41 + h. Calculate the remainder when 38 is divided by z.
5
Let x(g) = -90*g - 221. What is the remainder when 328 is divided by x(-6)?
9
What is the remainder when ((-152)/(-171))/((-16)/(-25632)) is divided by 356?
0
Calculate the remainder when 1609 is divided by (-1 + (-2 - -2))*(7 - 168).
160
Calculate the remainder when 123 is divided by -6 - 11/((-33)/(-18))*18/(-9).
3
Let n be -3 - (5 + -2 + 3)/(-2). Suppose -2*b - 3*g = -131, n = -0*b + b + 2*g - 67. Let t = b - 39. Calculate the remainder when 41 is divided by t.
19
Suppose -1136 - 4176 = -8*a. Let l = a + -607. Calculate the remainder when 184 is divided by l.
13
Suppose -824 - 876 = -17*i. Calculate the remainder when i is divided by 58.
42
Let s(d) = -d**3 + 7*d**2 - 6*d - 1. Let x be s(3). Suppose -x*p + 5*p - 132 = 0. Let v = 71 - p. What is the remainder when v is divided by 28?
26
Let w = -1 - -13. Suppose z + 4*p = 113, -6 = 5*p - 1. Let v = -59 + z. What is the remainder when v is divided by w?
10
Calculate the remainder when 527 is divided by (20/(-3))/((-130)/195).
7
What is the remainder when 241 is divided by (-2997)/74*(14/(-12) + (-8)/(-16))?
25
Suppose -2*o + 7*o - 5*b = 4785, 4*o + b - 3843 = 0. What is the remainder when o is divided by 244?
228
Let h be 44/(-4) + (0 - -3). Suppose 0 = -4*t - f + 93, 4*t - 3*f - 38 - 67 = 0. What is the remainder when h/t*(-1 - 158) is divided by 8?
5
Let b = -11587 - -13942. What is the remainder when b is divided by 52?
15
Let q(v) = -227*v**3 + 2*v**2 + v - 1. Let s be q(-1). Suppose 3*y - 357 = -d, -2*y + s = -0*y - 3*d. Calculate the remainder when y is divided by 24.
22
Suppose 1064 = 3*b + 692. What is the remainder when b is divided by 78?
46
Suppose -2*g - 1264*r = -1269*r - 90, 4*r + 174 = 5*g. What is the remainder when 1676 is divided by g?
26
Let v(l) = -5*l**2 + 19*l + 2. Let f be v(8). Let x = -117 - f. Suppose -53 = -6*j + x. What is the remainder when 32 is divided by j?
15
Let s(i) = i**3 - 17*i**2 + 62*i - 24. Let r be s(12). Suppose r = -401*j + 405*j - 72. Calculate the remainder when 142 is divided by j.
16
Suppose 56*h - 545 + 39 = 390. What is the remainder when h is divided by -10*(-2)/(8/6)?
1
Suppose 0 = -5*s - 4*v + 561, -3*v + 135 = 2*s - 88. Suppose 3*p = -0*z + 2*z - 49, s = 4*z - p. What is the remainder when 135 is divided by z?
19
Suppose 0 = -0*k + 16*k - 8064. Suppose 0 = -14*i + k + 616. Calculate the remainder when i is divided by 42.
38
Let h = 770 - 762. Let q be (-1 - 2 - 0) + 23. Suppose 2*a + q = 3*a. Calculate the remainder when a is divided by h.
4
Suppose s + 3*j - 3483 = 0, 2*s - 200 - 6730 = 3*j. What is the remainder when s is divided by 290?
281
Let l(c) = -c**2 - 13*c - 2. Suppose -r - 8 = 2. Suppose 19*q - 1851 = -11*q + 1419. Calculate the remainder when q is divided by l(r).
25
Suppose -39*l + 37*l = 4*f - 28, 0 = -12*f - 5*l + 86. What is the remainder when 8 is divided by f?
0
Let z = 15 + -5. Let w = -1080 + 3007. Suppose 0 = 42*n - n - w. What is the remainder when n is divided by z?
7
Let d = 26072 - 23962. Calculate the remainder when d is divided by 697.
19
Let s = 79 + -301. Let b = s + 425. Calculate the remainder when b is divided by 12.
11
Let a = 1365 - 1184. Calculate the remainder when a is divided by 110.
71
Suppose -63*n = 52*n + 345. Let m = 6 - 4. Calculate the remainder when 100 is divided by ((51/2)/n)/(m/(-4)).
15
Suppose -5*w - 9 = -2*w, 0 = r + 2*w + 10. Calculate the remainder when 262*25/40 - (-3)/r is divided by 50.
13
Let m(a) = 2*a**3 - 3*a**2 - 3*a + 3. Let b be m(-4). Let h = 99 + b. Let r = h - -74. Calculate the remainder when 82 is divided by r.
10
Let f = -159 + 161. Let j = 11 + 3. What is the remainder when (27/(-9))/(6/(-332)*f) is divided by j?
13
Let b(o) = 4*o**2 - 84*o + 21. Let l be b(25). Let d = -411 + l. What is the remainder when 84 is divided by d?
4
Suppose 7*r = 12 + 37. Suppose i + i + 39 = 5*q, 0 = -2*i + 2*q - 30. Let s(w) = -w**2 - 14*w - 5. Calculate the remainder when s(i) is divided by r.
5
What is the remainder when (-3 - -959)/(13 - 11) is divided by 93?
13
Let t(u) = u**3 - 22*u**2 - 129*u + 2503. Calculate the remainder when 537 is divided by t(23).
17
Let a(v) = 2934*v**2 + 258*v. Calculate the remainder when a(-1) is divided by 141.
138
Let z(w) = 2*w - 7. Calculate the remainder when 9525/525 - (-4)/(-28) is divided by z(6).
3
Let o(n) = 3*n**3 - 6*n**2 + 2*n - 6. Let g be 2*(-3 + -1 + 6). Let h(b) = -b**3 + 6*b**2 - b + 5. Calculate the remainder when o(g) is divided by h(5).
23
Let b = 10765 + -10326. What is the remainder when b is divided by 88?
87
Suppose -17*j + 19*j = 0. Suppose j = 3*f - 12*f + 3141. What is the remainder when f is divided by 50?
49
Suppose 4*q + 5*h + 12 = 0, -27*h + 23*h = 16. Suppose -5*i = j - 34, q*i + 7 = 2*j + 11. What is the remainder when 68 is divided by i?
2
Let h be (-171)/(-24) - (-18)/(-144). Suppose h*z - 162 = 34. Calculate the remainder when z is divided by 21.
7
Suppose 4*o - 5*g = 152 + 45, -2*o - 4*g + 92 = 0. What is the remainder when 5614 is divided by o?
46
Let z = 6495 + -4691. Calculate the remainder when z is divided by 13.
10
Suppose -39*k + 2166 - 430 = -11*k. What is the remainder when 115 is divided by k?
53
What is the remainder when (2544/44)/((-36)/(-198)) is divided by 11?
10
Let s(j) = j**2 + 9*j - 7. Suppose -5*u + 21 = -5*f - 9, 4*f + 24 = -u. Let h be s(f). Let a = -2 - h. Calculate the remainder when 91 is divided by a.
22
Let s be 16/(-4) - (-9)/1. Suppose s*a + 80 = 6*a. Suppose 6*f - f - a = 0. Calculate the remainder when 94 is divided by f.
14
Let o = -641 - -798. What is the remainder when o is divided by 48?
13
Let d(p) = 13*p**2 + 3*p + 4. Let z(n) = -n - 26. Let o be z(10). Let k = 59 + o. What is the remainder when d(-3) is divided by k?
20
Let n(l) = -23*l - 2 - 5 - 4 - 2*l**2. Let p be 6*2 - (-64 - -86). Calculate the remainder when n(p) is divided by 6.
1
Let m(k) = 35*k**3 + 16*k - 36. Calculate the remainder when 835 is divided by m(2).
7
Suppose -4*d = -5*d + 18. Let b(g) = -34*g**3 - 3*g**2 + 1. Let l(w) = -w**2 + 48. Let v be l(-7). What is the remainder when b(v) is divided by d?
14
Let q(g) = 20*g. Suppose 0 = -4*o + m + 463, -17 + 129 = o - m. What is the remainder when o is divided by q(1)?
17
Let i be (-2 + -3 + 4)*86/2. Let h = -38 - i. Calculate the remainder when 42 is divided by h.
2
Suppose 2*w - 5 = 3*w. Calculate the remainder when 62 is divided by (-12)/(-5) + -2 + (-43)/w.
8
Suppose -2*b - 68 = -6*b. Let w = -235 + 239. Suppose -5*d = -3*l + 111, -d = -w*l - 3*d + 122. What is the remainder when l is divided by b?
15
Let j = 20 - -88. Let m(g) = -g**3 - 6*g**2 - 6*g + 17. Calculate the remainder when j is divided by m(-5).
20
Let z(f) = 5*f + 10. Let p(o) = -10*o**2 + 126*o + 6. What is the remainder when p(7) is divided by z(6)?
38
Let f be 9/(1 - 4) + -4 + 104. Let x = -75 + f. What is the remainder when 63 is divided by x?
19
Suppose -18 = 37*r - 832. Calculate the remainder when 2546 is divided by r.
16
Suppose -13*k + 9*k = 960. Let c = 255 + k. Calculate the remainder when 87 is divided by c.
12
Let c(n) = n**3 + n - 8. Let v be c(2). Suppose 38 = f - v*j - 4, -168 = -4*f + 5*j. What is the remainder when f is divided by (1 - -2) + 0 + 8?
9
Let r be ((-38)/6)/(185/60 + -3). Let t = 40 + r. Calculate the remainder when t/162 + 706/18 is divided by 10.
9
Let d = -214 + 224. Suppose -d*g = -5*g - x - 29, -2 = -2*x. What is the remainder when 8 is divided by g?
2
Suppose 4*q + 218 = 3*p, -2*q = 4*p - 0*q - 320. Let a = -244517 + 244535. What is the remainder when p is divided by a?
6
Let w(q) = -2*q**2 + 4*q + 33. Let x be w(5). Let n(c) = -c**3 + 6*c**2 - 15*c + 30. Calculate the remainder when 179 is divided by n(x).
11
Let j be (-20)/(-40) - (-10)/(-4). Let l(t) = -7*t**3 - 2*t**2 + t. Let r be l(j). Let s = -31 + r. What is the remainder when s is divided by 7?
1
Let g = 1385 - 1294. What is the remainder when 993 is divided by g?
83
Let w = -858 - -1352. Suppose 12*v + 7*v = w. What is the remainder